 934 and 2335?
467
Calculate the greatest common factor of 936 and 576.
72
Calculate the greatest common divisor of 747 and 1079.
83
Calculate the highest common factor of 264 and 11264.
88
What is the highest common divisor of 564 and 12?
12
What is the highest common divisor of 44 and 11?
11
Calculate the greatest common divisor of 2782 and 78.
26
Calculate the highest common factor of 343 and 294.
49
Calculate the highest common divisor of 441 and 1197.
63
Calculate the greatest common divisor of 920 and 630.
10
What is the greatest common divisor of 186 and 30?
6
What is the highest common divisor of 92 and 598?
46
What is the highest common factor of 790 and 237?
79
What is the greatest common divisor of 8771 and 895?
179
Calculate the greatest common divisor of 2 and 18.
2
Calculate the greatest common divisor of 1207 and 71.
71
What is the greatest common divisor of 2926 and 1386?
154
Calculate the greatest common factor of 2505 and 25.
5
What is the greatest common factor of 8 and 200?
8
What is the highest common divisor of 80 and 4?
4
Calculate the highest common factor of 84 and 2268.
84
Calculate the highest common factor of 44 and 143.
11
What is the greatest common factor of 4 and 160?
4
What is the highest common divisor of 988 and 3211?
247
Calculate the greatest common factor of 2954 and 154.
14
Calculate the highest common divisor of 16592 and 51.
17
Calculate the highest common factor of 748 and 408.
68
Calculate the greatest common factor of 1462 and 85.
17
What is the greatest common divisor of 68 and 901?
17
Calculate the greatest common factor of 3906 and 252.
126
Calculate the highest common divisor of 18 and 108.
18
Calculate the greatest common factor of 414 and 18.
18
Calculate the greatest common divisor of 150 and 18.
6
Calculate the greatest common divisor of 90 and 3450.
30
What is the highest common divisor of 15 and 180?
15
What is the greatest common divisor of 9645 and 15?
15
What is the greatest common divisor of 12 and 372?
12
Calculate the highest common divisor of 15 and 45.
15
What is the highest common factor of 589 and 3131?
31
Calculate the greatest common factor of 511 and 365.
73
Calculate the greatest common divisor of 6 and 86.
2
What is the highest common factor of 728 and 273?
91
Calculate the greatest common divisor of 36 and 4338.
18
Calculate the greatest common divisor of 213 and 142.
71
Calculate the highest common factor of 30 and 510.
30
Calculate the greatest common factor of 88 and 1912.
8
What is the highest common divisor of 4 and 436?
4
What is the highest common factor of 41 and 287?
41
Calculate the highest common divisor of 284 and 639.
71
What is the greatest common factor of 438 and 584?
146
What is the greatest common divisor of 28 and 49?
7
What is the highest common divisor of 12 and 280?
4
Calculate the highest common factor of 43 and 559.
43
Calculate the greatest common factor of 16424 and 8.
8
What is the greatest common divisor of 2172 and 36?
12
What is the greatest common divisor of 56 and 44?
4
What is the highest common factor of 5873 and 7?
7
Calculate the greatest common factor of 210 and 168.
42
Calculate the greatest common factor of 87 and 116.
29
What is the greatest common divisor of 1472 and 138?
46
What is the greatest common factor of 299 and 13?
13
What is the highest common divisor of 118 and 2?
2
What is the greatest common divisor of 87 and 21?
3
What is the highest common divisor of 3859 and 227?
227
What is the greatest common divisor of 90 and 216?
18
Calculate the greatest common factor of 44985 and 15.
15
Calculate the greatest common divisor of 81105 and 15.
15
Calculate the greatest common factor of 345 and 135.
15
What is the highest common divisor of 22 and 33?
11
Calculate the highest common divisor of 299 and 52.
13
Calculate the greatest common divisor of 102 and 1326.
102
Calculate the highest common divisor of 546 and 9646.
182
Calculate the greatest common divisor of 36 and 99.
9
What is the greatest common factor of 864 and 320?
32
What is the highest common divisor of 66 and 21549?
33
Calculate the greatest common factor of 25 and 800.
25
Calculate the highest common divisor of 1100 and 22.
22
What is the highest common divisor of 300 and 6700?
100
Calculate the highest common divisor of 395 and 1.
1
Calculate the greatest common factor of 104 and 65.
13
What is the highest common factor of 1 and 103?
1
What is the greatest common factor of 60 and 42?
6
Calculate the greatest common divisor of 174 and 55158.
174
Calculate the highest common divisor of 55 and 5951.
11
What is the highest common factor of 150 and 525?
75
What is the highest common factor of 2021 and 611?
47
Calculate the highest common divisor of 2070 and 54.
18
Calculate the highest common divisor of 1130 and 70.
10
What is the greatest common divisor of 68 and 1700?
68
What is the greatest common factor of 8 and 1700?
4
What is the greatest common divisor of 1740 and 120?
60
Calculate the highest common factor of 249 and 3.
3
What is the greatest common factor of 608 and 1672?
152
Calculate the highest common factor of 1300 and 364.
52
Calculate the greatest common factor of 41 and 984.
41
What is the greatest common factor of 63 and 9?
9
Calculate the highest common divisor of 24 and 27.
3
What is the greatest common factor of 4167 and 27?
9
What is the highest common divisor of 100 and 13450?
50
Calculate the highest common factor of 44 and 16.
4
Calculate the greatest common divisor of 24730 and 10.
10
Calculate the highest common factor of 54 and 7974.
18
What is the greatest common divisor of 45 and 35?
5
What is the greatest common factor of 4 and 10?
2
What is the highest common divisor of 420 and 126?
42
What is the greatest common factor of 1952 and 1760?
32
What is the greatest common divisor of 16 and 8064?
16
What is the greatest common divisor of 2010 and 60?
30
What is the highest common divisor of 1971 and 146?
73
What is the highest common factor of 2183 and 118?
59
What is the greatest common factor of 5796 and 4?
4
What is the highest common divisor of 132 and 88?
44
Calculate the highest common divisor of 19 and 95.
19
What is the highest common factor of 28 and 189?
7
What is the greatest common factor of 575 and 625?
25
What is the greatest common factor of 6726 and 38?
38
What is the greatest common factor of 69565 and 5?
5
What is the greatest common factor of 85 and 68?
17
Calculate the greatest common divisor of 12 and 420.
12
Calculate the highest common factor of 270 and 50.
10
Calculate the highest common factor of 138 and 4922.
46
Calculate the highest common divisor of 5490 and 90.
90
What is the highest common divisor of 15 and 645?
15
What is the greatest common divisor of 480 and 192?
96
What is the greatest common factor of 144 and 1328?
16
What is the highest common factor of 2639 and 91?
91
What is the greatest common factor of 86 and 10363?
43
Calculate the greatest common factor of 48 and 1068.
12
What is the greatest common divisor of 1136 and 16?
16
What is the greatest common factor of 12252 and 48?
12
What is the greatest common divisor of 105 and 147?
21
What is the greatest common factor of 145 and 29?
29
Calculate the greatest common divisor of 990 and 80.
10
What is the highest common divisor of 4 and 36?
4
Calculate the highest common factor of 2046 and 165.
33
Calculate the greatest common factor of 140 and 1372.
28
Calculate the greatest common factor of 94 and 799.
47
What is the highest common divisor of 10 and 4?
2
What is the highest common divisor of 2050 and 200?
50
Calculate the greatest common factor of 706 and 8.
2
Calculate the highest common divisor of 300 and 2460.
60
Calculate the highest common divisor of 3 and 9330.
3
What is the highest common divisor of 452 and 90?
2
What is the greatest common divisor of 98 and 1862?
98
Calculate the greatest common divisor of 493 and 58.
29
Calculate the greatest common factor of 1694 and 14.
14
What is the greatest common factor of 3721 and 61?
61
Calculate the greatest common divisor of 19 and 247.
19
Calculate the highest common divisor of 20 and 16420.
20
Calculate the greatest common divisor of 2158 and 208.
26
Calculate the greatest common divisor of 126 and 